der when 66 is divided by y?
20
Suppose -111 + 36 = -5*v. Suppose b = -1 + 10. Let r = v - b. Calculate the remainder when 17 is divided by r.
5
Let u = -16 - -417. Calculate the remainder when u is divided by 134.
133
Let q be -3 + (-12)/(-4) + 3. Let p be 73 - -2 - (-4 + q). Let l = p + -44. What is the remainder when l is divided by 11?
10
Suppose -7*l + 617 = -6. Calculate the remainder when l is divided by 28.
5
Suppose 5*v + 0*v - 413 = n, -2*n + 240 = 3*v. What is the remainder when v is divided by 17?
14
Suppose 0 = 10*u - u + 387. Suppose -5*n - 90 = 4*a, -5*a + 2*n - 49 = 80. Let p = a - u. What is the remainder when p is divided by 10?
8
Let z be (-2)/4 + 3/6. Suppose z = -5*h + 57 + 33. What is the remainder when (2 - 1) + 66 + 3 is divided by h?
16
Let u(n) = -n**2 + 38*n - 241. Suppose -40 = -2*v - 2*v - 3*y, -10 = -2*v - 4*y. Calculate the remainder when u(9) is divided by v.
7
Let w = 0 + 7. Let j(h) = -2*h**3 + 87*h**2 - 42*h - 41. What is the remainder when w is divided by j(43)?
1
Let u be ((-2)/4)/(11/(-132)). Let q be 21/u*40/14. Suppose -14*l = -q*l - 168. What is the remainder when l is divided by 15?
12
Suppose -44*g - 61 = -43*g. Let u = g + 112. Calculate the remainder when u is divided by 0 - (-1 - 1 - 11).
12
Let r = 203 + -127. What is the remainder when r is divided by 32?
12
Calculate the remainder when 5/(-20*1)*(-903 - -11) is divided by (-270)/24*2*-2.
43
Suppose 19*d - 24*d = -120. Calculate the remainder when 68 is divided by d.
20
Let g(a) = 11*a**3 + 2*a**2 - a. Let y(s) = -s**3 - s**2 - 1. Let j(q) = -g(q) - 2*y(q). Calculate the remainder when 37 is divided by j(-1).
7
Suppose 152 = x + 5*u, 7*u - 3*u + 20 = 0. What is the remainder when x is divided by 84?
9
Let y(d) = -15 + 4 + 15 + 2*d. Let u be y(-3). Calculate the remainder when 17 is divided by u - 1 - (-9 - 0).
5
Let k(v) = 5*v**3 + 2*v**2 - 4*v + 2. Suppose -i = 5, -2*m + 4*i = -i - 31. Let b be k(m). What is the remainder when (-12)/(-30) + b/5 is divided by 5?
4
Let l = -402 - -491. What is the remainder when l is divided by 64?
25
Let w(p) = -2*p**2 + 43*p + 27. What is the remainder when w(20) is divided by 38?
11
Let f(g) = g - 4. Let k be f(6). What is the remainder when 2 + (8/k - 0) is divided by 2*(-2 + (-27)/(-9))?
0
Let n(t) = t**3 - 4*t**2 - 8*t - 2. Let w(l) = -l**2 - l + 1. Let f(z) = z + 7. Let q(c) = -f(c) - w(c). What is the remainder when n(6) is divided by q(-4)?
6
Let n(w) = -w + 6. Let r = 12 - 20. Let z = 212 + -171. Calculate the remainder when z is divided by n(r).
13
Let n(i) = i**3 - 70*i**2 - 301*i + 416. Let h = 198 + -63. Calculate the remainder when h is divided by n(74).
43
What is the remainder when -5 + 12 + -7 + 9 is divided by ((-3)/6)/((-1)/8)?
1
Let r(g) = g**3 - 7*g**2 - 5*g + 10. Let p(t) = -4*t**3 + 21*t**2 + 16*t - 31. Let j(y) = -2*p(y) - 7*r(y). Calculate the remainder when 69 is divided by j(-6).
9
Let n = 415 + -410. What is the remainder when n is divided by 24/14 - (-2)/7?
1
Let u(s) = -10*s**3 - 7*s**2 - 4*s - 3. Let f(t) = t**3 - t**2. Let i(a) = -6*f(a) + u(a). Calculate the remainder when 60 is divided by i(-1).
12
Suppose 17 + 27 = 4*c. Let m = 9 + -132. Calculate the remainder when m/(-6) - (-2)/(-4) is divided by c.
9
Let i = 207 - 80. What is the remainder when 386 is divided by i?
5
Suppose 2*h - 3*b = 6*h - 8, -b - 8 = -4*h. Suppose 1 - 15 = -h*v. Calculate the remainder when 89 is divided by v.
5
Suppose 2*r - 41 = 65. Suppose 15*b - 116 = 11*b. What is the remainder when r is divided by b?
24
Suppose 4*s + 92 = 4*u, -25 + 140 = 5*u - s. Suppose 20 = -166*i + 171*i. What is the remainder when u is divided by i?
3
Suppose 2*l + 1272 = 4*t, t - l - 208 = 111. What is the remainder when t is divided by 81?
74
Suppose -3*m - 7*h = -2*h + 154, 0 = -4*m - h - 194. Let j = m - -196. Calculate the remainder when j is divided by 30.
28
Calculate the remainder when (0 + 33/(-9))/(5/(-15)) is divided by 3.
2
Let v(c) = 15*c + 26. Let z be v(-8). Let n = 108 + z. Calculate the remainder when n is divided by 2.
0
Let b(d) = -d**2 - 23*d - 11. Let s = -8 + -10. Let o = 34 + s. Calculate the remainder when b(-21) is divided by o.
15
Suppose -393 = -13*y + 101. Calculate the remainder when y is divided by 5.
3
Suppose -11 = r - 168. Let t = -624 + 664. What is the remainder when r is divided by t?
37
Let m(j) = 3*j**2 + 2*j + 11. Let w be m(-3). Suppose -w = -13*a + 11*a. What is the remainder when 107 is divided by a?
11
Suppose 2*q + 3*q = 10. Let o be (17/q)/(1/2). Suppose -2*f - 3 = -o. Calculate the remainder when f is divided by 2.
1
Suppose 5*i - i = 108. Let r(l) = l - 6. Let a be r(3). What is the remainder when i is divided by (30/(-2))/(a - -2)?
12
Let g(a) = -a**3 + 5*a**2. Let k be g(5). Suppose 5*q = -k*q + 180. Suppose -v = 2*v - 39. Calculate the remainder when q is divided by v.
10
Let d(k) = 5*k**2 + k + 2. Let v = -10319 + 10336. What is the remainder when d(3) is divided by v?
16
Let f(p) = 29*p**2 - p + 39*p**2 + 2*p. What is the remainder when f(-1) is divided by 24?
19
Let x = 785 + -752. What is the remainder when x is divided by 3?
0
Let g = -76 - -323. Calculate the remainder when g is divided by 15.
7
Let b(q) = -15*q**2 - 29 + 4 + 6*q + q**3 - 5. Calculate the remainder when b(15) is divided by 17.
9
Let d(x) = x**3 + 5*x**2. Let a be d(-5). Suppose a = -0*u + u - 23. Let m = -35 + 43. Calculate the remainder when u is divided by m.
7
Let v = 948 - 914. Calculate the remainder when 439 is divided by v.
31
Suppose 0 = -2*q + 5*p + 69, 0 = -5*q - 5*p + 147 + 8. What is the remainder when (0 - -95) + (-3 - -2) is divided by q?
30
Let t = 5 + 4. Let m(i) = i**2 - 2*i - 7. Let s be m(3). Calculate the remainder when 14/s*20/(-2) is divided by t.
8
Suppose 53*i - 1015 = 48*i. What is the remainder when i is divided by 12?
11
Suppose -4*r = r - 3*o - 29, 4*r - 26 = o. Let z(q) = 111*q**3 + q**2 - 2*q + 1. Calculate the remainder when z(1) is divided by r.
6
Let q = 270 + -210. What is the remainder when 157 is divided by q?
37
Calculate the remainder when -2 - -58*20/4 is divided by 21.
15
Suppose -3*o = -10 - 47. What is the remainder when 3/12*-10*-28 is divided by o?
13
Suppose -3032*n = -3034*n + 1432. Calculate the remainder when n is divided by 16.
12
Let y = -752 - -822. What is the remainder when y is divided by 45?
25
Let k = 1776 + -1764. Let x = 32 - 0. What is the remainder when x is divided by k?
8
Let z(j) = j**3 - 7*j**2 + 3*j - 5. Let b(w) = 4*w**2 + 3*w - 3. Let r be b(-2). Calculate the remainder when 24 is divided by z(r).
8
Calculate the remainder when 2*(49 + 0) - 5 is divided by 50.
43
Let i(d) = -9*d**3 - 4*d**2 - d - 2. Let u be i(-3). Suppose 6*l = 8*l - u. Suppose -5*k = -9*k + l. Calculate the remainder when k is divided by 14.
12
Suppose -3*f + 194 = 14. Let g(b) = 1409*b + 4248. What is the remainder when f is divided by g(-3)?
18
Let r(n) = -n**2 + 16*n + 14. Let d(u) = u**2 + 10*u + 5. Let k be d(-11). Calculate the remainder when 82 is divided by r(k).
12
Let c = 4 - 1. Suppose -c*z = 2*z - 105. Let y(u) = -4*u - 5. Calculate the remainder when y(-11) is divided by z.
18
Let q = -38 + 43. Let o(z) = z + 11. Calculate the remainder when 93 is divided by o(q).
13
Let m = 0 + 5. Suppose 0 = 4*g + 6 + 14. Let i = 8 + g. What is the remainder when m is divided by i?
2
Suppose -g + 69 = -0*g. What is the remainder when g is divided by -4*(174/(-12) - -12)?
9
Let u(p) = p**3 - 7*p**2 + 4*p - 1. Let c be (14 + -3 - 2) + -3. Let s be u(c). Let a = s + 24. Calculate the remainder when 30 is divided by a.
8
Suppose 5*w - 26 = -m, -2*m + 4*w - 28 = -4*m. Let z(s) = -7*s - 210. What is the remainder when z(-32) is divided by m?
2
Let a be (-3)/(7/2 - 2). Let m(w) = -w**2 - 4*w. Let d be m(a). Suppose 5*f - 23 = -2*v, -v + d*f + 4 + 1 = 0. Calculate the remainder when 24 is divided by v.
6
Suppose 0 = 3*l - 1 - 20. Let u(m) = -m**2 + 4*m + 3. Let n be u(l). Let q = -15 - n. What is the remainder when 11 is divided by q?
2
Let m be (2/4*0)/2. Suppose m*k = -k + 3. Suppose k*t - 191 = -14. Calculate the remainder when t is divided by 20.
19
Suppose -24*v + 3750 = -14*v. Calculate the remainder when v is divided by 126.
123
Let z(s) = -377*s - 1. Calculate the rema